{"id":5,"date":"2022-09-19T08:01:45","date_gmt":"2022-09-19T08:01:45","guid":{"rendered":"https:\/\/cms.icacordoba.23sd.es\/?page_id=5"},"modified":"2022-09-19T08:25:59","modified_gmt":"2022-09-19T08:25:59","slug":"elementor-5","status":"publish","type":"page","link":"https:\/\/cms.icacordoba.23sd.es\/index.php\/elementor-5\/","title":{"rendered":"Elementor #5"},"content":{"rendered":"\t\t<div data-elementor-type=\"wp-post\" data-elementor-id=\"5\" class=\"elementor elementor-5\" data-elementor-post-type=\"page\">\n\t\t\t\t\t\t<section class=\"elementor-section elementor-top-section elementor-element elementor-element-5a05da6 elementor-section-boxed elementor-section-height-default elementor-section-height-default\" data-id=\"5a05da6\" data-element_type=\"section\" data-e-type=\"section\">\n\t\t\t\t\t\t<div class=\"elementor-container elementor-column-gap-default\">\n\t\t\t\t\t<div class=\"elementor-column elementor-col-100 elementor-top-column elementor-element elementor-element-f3230ea\" data-id=\"f3230ea\" data-element_type=\"column\" data-e-type=\"column\">\n\t\t\t<div class=\"elementor-widget-wrap elementor-element-populated\">\n\t\t\t\t\t\t<div class=\"elementor-element elementor-element-7866460 elementor-widget elementor-widget-heading\" data-id=\"7866460\" data-element_type=\"widget\" data-e-type=\"widget\" data-widget_type=\"heading.default\">\n\t\t\t\t<div class=\"elementor-widget-container\">\n\t\t\t\t\t<h2 class=\"elementor-heading-title elementor-size-default\"><h3 style=\"margin: 0px 0px 14px;padding: 0px;border: 0px;font-size: 28px;line-height: 34px;, Helvetica, Arial, sans-serif;vertical-align: baseline;white-space: normal\">Escuela Pr\u00e1ctica Jur\u00eddica<\/h3><\/h2>\t\t\t\t<\/div>\n\t\t\t\t<\/div>\n\t\t\t\t<div class=\"elementor-element elementor-element-fd3fb11 elementor-widget elementor-widget-text-editor\" data-id=\"fd3fb11\" data-element_type=\"widget\" data-e-type=\"widget\" data-widget_type=\"text-editor.default\">\n\t\t\t\t<div class=\"elementor-widget-container\">\n\t\t\t\t\t\t\t\t\t<h5 style=\"margin: 0px 0px 10px; padding: 0px; border: 0px; font-variant-numeric: inherit; font-variant-east-asian: inherit; font-stretch: inherit; font-size: 17px; line-height: 24px; font-family: 'Open Sans', Helvetica, Arial, sans-serif; vertical-align: baseline; color: #035c8a;\">Las Escuelas de Pr\u00e1ctica Jur\u00eddica, como \u00f3rgano de formaci\u00f3n profesional de Abogados fueron creadas por Decreto de 2 de abril de 1955, actualiz\u00e1ndose su regulaci\u00f3n por Decreto 3311\/1970 de 12 de noviembre. El Colegio de Abogados de C\u00f3rdoba promovi\u00f3 la creaci\u00f3n de la de esta provincia, que se consigui\u00f3 mediante Decreto 843\/1981 de 27 de marzo \u201ccomo organismo incorporado a la Universidad de C\u00f3rdoba\u201d.<\/h5><h5 style=\"margin: 0px 0px 10px; padding: 0px; border: 0px; font-variant-numeric: inherit; font-variant-east-asian: inherit; font-stretch: inherit; font-size: 17px; line-height: 24px; font-family: 'Open Sans', Helvetica, Arial, sans-serif; vertical-align: baseline; color: #035c8a;\">En 1987, mediante Convenio con dicha Universidad, se le otorg\u00f3 la categor\u00eda de Centro Adscrito a la Universidad como Escuela de Especializaci\u00f3n Profesional jur\u00eddica, aprobando el programa de su Curso General de Formaci\u00f3n de Abogados y Procuradores.<\/h5><h5 style=\"margin: 0px 0px 10px; padding: 0px; border: 0px; font-variant-numeric: inherit; font-variant-east-asian: inherit; font-stretch: inherit; font-size: 17px; line-height: 24px; font-family: 'Open Sans', Helvetica, Arial, sans-serif; vertical-align: baseline; color: #035c8a;\">Como hitos m\u00e1s recientes en su historia, su plan de estudios fue homologado por el Consejo General de la Abogac\u00eda Espa\u00f1ola; y en virtud de lo dispuesto en la Ley 34\/2006 de 30 de octubre de acceso a la profesi\u00f3n de abogado, y Real Decreto 775\/2011 de 3 de junio que la desarrolla, (especialmente su art\u00edculo 4-1-c), se celebr\u00f3 Convenio de colaboraci\u00f3n con la Universidad de C\u00f3rdoba de fecha 17 de febrero de 2012 para la impartici\u00f3n del Master Universitario en Abogac\u00eda; que fue aprobado por el Consejo de Universidades el 9 de enero de 2013.<\/h5>\t\t\t\t\t\t\t\t<\/div>\n\t\t\t\t<\/div>\n\t\t\t\t<div class=\"elementor-element elementor-element-000f5e7 elementor-widget elementor-widget-heading\" data-id=\"000f5e7\" data-element_type=\"widget\" data-e-type=\"widget\" data-widget_type=\"heading.default\">\n\t\t\t\t<div class=\"elementor-widget-container\">\n\t\t\t\t\t<h2 class=\"elementor-heading-title elementor-size-default\"><h3 style=\"margin: 0px 0px 14px;, Helvetica, Arial, sans-serif;line-height: 34px;font-size: 28px;padding: 0px;border: 0px;vertical-align: baseline;white-space: normal\">M\u00e1ster en abogac\u00eda<\/h3><\/h2>\t\t\t\t<\/div>\n\t\t\t\t<\/div>\n\t\t\t\t<div class=\"elementor-element elementor-element-da71d19 elementor-widget elementor-widget-text-editor\" data-id=\"da71d19\" data-element_type=\"widget\" data-e-type=\"widget\" data-widget_type=\"text-editor.default\">\n\t\t\t\t<div class=\"elementor-widget-container\">\n\t\t\t\t\t\t\t\t\t<h5 style=\"margin: 0px 0px 10px; padding: 0px; border: 0px; font-variant-numeric: inherit; font-variant-east-asian: inherit; font-stretch: inherit; font-size: 17px; line-height: 24px; font-family: 'Open Sans', Helvetica, Arial, sans-serif; vertical-align: baseline; color: #035c8a;\">El Colegio de Abogados de C\u00f3rdoba y la Universidad suscribieron el 17 de febrero de 2012, el convenio de colaboraci\u00f3n con el que se da cumplimiento a lo establecido en la Ley 34\/2006, de 30 de octubre, y su Reglamento de desarrollo, referente al acceso a las profesiones de Abogado y Procurador de los Tribunales, que exige la superaci\u00f3n de una formaci\u00f3n espec\u00edfica y una posterior evaluaci\u00f3n para la obtenci\u00f3n del t\u00edtulo profesional de abogado que capacite para el ejercicio de la profesi\u00f3n.<\/h5><h5 style=\"margin: 0px 0px 10px; padding: 0px; border: 0px; font-variant-numeric: inherit; font-variant-east-asian: inherit; font-stretch: inherit; font-size: 17px; line-height: 24px; font-family: 'Open Sans', Helvetica, Arial, sans-serif; vertical-align: baseline; color: #035c8a;\">El acuerdo supone aunar la experiencia docente de la Universidad de C\u00f3rdoba y del Colegio de Abogados que, a trav\u00e9s de su Escuela de Pr\u00e1ctica Jur\u00eddica, ha venido formando durante m\u00e1s de treinta a\u00f1os a los profesionales de la Abogac\u00eda.<\/h5><div><h5 style=\"margin: 0px 0px 10px; padding: 0px; border: 0px; font-variant-numeric: inherit; font-variant-east-asian: inherit; font-stretch: inherit; font-size: 17px; line-height: 24px; font-family: 'Open Sans', Helvetica, Arial, sans-serif; vertical-align: baseline; color: #035c8a;\">El M\u00e1ster, de contenido eminentemente pr\u00e1ctico, est\u00e1 impartido por catedr\u00e1ticos y profesores de la Universidad de C\u00f3rdoba y por abogados en ejercicio.<\/h5><\/div>\t\t\t\t\t\t\t\t<\/div>\n\t\t\t\t<\/div>\n\t\t\t\t<div class=\"elementor-element elementor-element-7bc78a3 elementor-widget elementor-widget-text-editor\" data-id=\"7bc78a3\" data-element_type=\"widget\" data-e-type=\"widget\" data-widget_type=\"text-editor.default\">\n\t\t\t\t<div class=\"elementor-widget-container\">\n\t\t\t\t\t\t\t\t\t<h5 style=\"margin: 0px 0px 10px; padding: 0px; border: 0px; font-variant-numeric: inherit; font-variant-east-asian: inherit; font-stretch: inherit; font-size: 17px; line-height: 24px; font-family: 'Open Sans', Helvetica, Arial, sans-serif; vertical-align: baseline; color: #035c8a;\"><span style=\"margin: 0px; padding: 0px; border: 0px; font-style: inherit; font-variant: inherit; font-stretch: inherit; font-size: inherit; line-height: inherit; font-family: inherit; vertical-align: baseline;\"><a style=\"margin: 0px; padding: 0px; border: 0px; font: inherit; vertical-align: baseline; color: #035c8a; outline: 0px;\" href=\"https:\/\/www.uco.es\/estudios\/idep\/abogacia\" target=\"_blank\" rel=\"noopener\">M\u00c1S INFORMACI\u00d3N SOBRE EL M\u00c1STER EN ABOGAC\u00cdA<\/a><\/span><\/h5>\t\t\t\t\t\t\t\t<\/div>\n\t\t\t\t<\/div>\n\t\t\t\t\t<\/div>\n\t\t<\/div>\n\t\t\t\t\t<\/div>\n\t\t<\/section>\n\t\t\t\t<section class=\"elementor-section elementor-top-section elementor-element elementor-element-5f7a697 elementor-section-boxed elementor-section-height-default elementor-section-height-default\" data-id=\"5f7a697\" data-element_type=\"section\" data-e-type=\"section\">\n\t\t\t\t\t\t<div class=\"elementor-container elementor-column-gap-default\">\n\t\t\t\t\t<div class=\"elementor-column elementor-col-100 elementor-top-column elementor-element elementor-element-37dde24\" data-id=\"37dde24\" data-element_type=\"column\" data-e-type=\"column\">\n\t\t\t<div class=\"elementor-widget-wrap elementor-element-populated\">\n\t\t\t\t\t\t<div class=\"elementor-element elementor-element-3bdec0e elementor-widget elementor-widget-image\" data-id=\"3bdec0e\" data-element_type=\"widget\" data-e-type=\"widget\" data-widget_type=\"image.default\">\n\t\t\t\t<div class=\"elementor-widget-container\">\n\t\t\t\t\t\t\t\t\t\t\t\t\t\t\t<img fetchpriority=\"high\" decoding=\"async\" width=\"1920\" height=\"1080\" src=\"https:\/\/cms.icacordoba.23sd.es\/wp-content\/uploads\/2022\/09\/patio_recurso-horizontal.jpg\" class=\"attachment-full size-full wp-image-20\" alt=\"\" srcset=\"https:\/\/cms.icacordoba.23sd.es\/wp-content\/uploads\/2022\/09\/patio_recurso-horizontal.jpg 1920w, https:\/\/cms.icacordoba.23sd.es\/wp-content\/uploads\/2022\/09\/patio_recurso-horizontal-300x169.jpg 300w, https:\/\/cms.icacordoba.23sd.es\/wp-content\/uploads\/2022\/09\/patio_recurso-horizontal-1024x576.jpg 1024w, https:\/\/cms.icacordoba.23sd.es\/wp-content\/uploads\/2022\/09\/patio_recurso-horizontal-768x432.jpg 768w, https:\/\/cms.icacordoba.23sd.es\/wp-content\/uploads\/2022\/09\/patio_recurso-horizontal-1536x864.jpg 1536w\" sizes=\"(max-width: 1920px) 100vw, 1920px\" \/>\t\t\t\t\t\t\t\t\t\t\t\t\t\t\t<\/div>\n\t\t\t\t<\/div>\n\t\t\t\t\t<\/div>\n\t\t<\/div>\n\t\t\t\t\t<\/div>\n\t\t<\/section>\n\t\t\t\t<\/div>\n\t\t","protected":false},"excerpt":{"rendered":"<p>Escuela Pr\u00e1ctica Jur\u00eddica Las Escuelas de Pr\u00e1ctica Jur\u00eddica, como \u00f3rgano de formaci\u00f3n profesional de Abogados fueron creadas por Decreto de 2 de abril de 1955, actualiz\u00e1ndose su regulaci\u00f3n por Decreto 3311\/1970 de 12 de noviembre. El Colegio de Abogados de C\u00f3rdoba promovi\u00f3 la creaci\u00f3n de la de esta provincia, que se consigui\u00f3 mediante Decreto 843\/1981 [&hellip;]<\/p>\n","protected":false},"author":1,"featured_media":0,"parent":0,"menu_order":0,"comment_status":"closed","ping_status":"closed","template":"","meta":{"footnotes":""},"class_list":["post-5","page","type-page","status-publish","hentry"],"_links":{"self":[{"href":"https:\/\/cms.icacordoba.23sd.es\/index.php\/wp-json\/wp\/v2\/pages\/5","targetHints":{"allow":["GET"]}}],"collection":[{"href":"https:\/\/cms.icacordoba.23sd.es\/index.php\/wp-json\/wp\/v2\/pages"}],"about":[{"href":"https:\/\/cms.icacordoba.23sd.es\/index.php\/wp-json\/wp\/v2\/types\/page"}],"author":[{"embeddable":true,"href":"https:\/\/cms.icacordoba.23sd.es\/index.php\/wp-json\/wp\/v2\/users\/1"}],"replies":[{"embeddable":true,"href":"https:\/\/cms.icacordoba.23sd.es\/index.php\/wp-json\/wp\/v2\/comments?post=5"}],"version-history":[{"count":11,"href":"https:\/\/cms.icacordoba.23sd.es\/index.php\/wp-json\/wp\/v2\/pages\/5\/revisions"}],"predecessor-version":[{"id":24,"href":"https:\/\/cms.icacordoba.23sd.es\/index.php\/wp-json\/wp\/v2\/pages\/5\/revisions\/24"}],"wp:attachment":[{"href":"https:\/\/cms.icacordoba.23sd.es\/index.php\/wp-json\/wp\/v2\/media?parent=5"}],"curies":[{"name":"wp","href":"https:\/\/api.w.org\/{rel}","templated":true}]}}

<div data-elementor-type="wp-post" data-elementor-id="5" class="elementor elementor-5" data-elementor-post-type="page">
						<section class="elementor-section elementor-top-section elementor-element elementor-element-5a05da6 elementor-section-boxed elementor-section-height-default elementor-section-height-default" data-id="5a05da6" data-element_type="section" data-e-type="section">
						<div class="elementor-container elementor-column-gap-default">
					<div class="elementor-column elementor-col-100 elementor-top-column elementor-element elementor-element-f3230ea" data-id="f3230ea" data-element_type="column" data-e-type="column">
			<div class="elementor-widget-wrap elementor-element-populated">
						<div class="elementor-element elementor-element-7866460 elementor-widget elementor-widget-heading" data-id="7866460" data-element_type="widget" data-e-type="widget" data-widget_type="heading.default">
				<div class="elementor-widget-container">
					<h2 class="elementor-heading-title elementor-size-default"><h3 style="margin: 0px 0px 14px;padding: 0px;border: 0px;font-size: 28px;line-height: 34px;, Helvetica, Arial, sans-serif;vertical-align: baseline;white-space: normal">Escuela Práctica Jurídica</h3></h2>				</div>
				</div>
				<div class="elementor-element elementor-element-fd3fb11 elementor-widget elementor-widget-text-editor" data-id="fd3fb11" data-element_type="widget" data-e-type="widget" data-widget_type="text-editor.default">
				<div class="elementor-widget-container">
									<h5 style="margin: 0px 0px 10px; padding: 0px; border: 0px; font-variant-numeric: inherit; font-variant-east-asian: inherit; font-stretch: inherit; font-size: 17px; line-height: 24px; font-family: 'Open Sans', Helvetica, Arial, sans-serif; vertical-align: baseline; color: #035c8a;">Las Escuelas de Práctica Jurídica, como órgano de formación profesional de Abogados fueron creadas por Decreto de 2 de abril de 1955, actualizándose su regulación por Decreto 3311/1970 de 12 de noviembre. El Colegio de Abogados de Córdoba promovió la creación de la de esta provincia, que se consiguió mediante Decreto 843/1981 de 27 de marzo “como organismo incorporado a la Universidad de Córdoba”.</h5><h5 style="margin: 0px 0px 10px; padding: 0px; border: 0px; font-variant-numeric: inherit; font-variant-east-asian: inherit; font-stretch: inherit; font-size: 17px; line-height: 24px; font-family: 'Open Sans', Helvetica, Arial, sans-serif; vertical-align: baseline; color: #035c8a;">En 1987, mediante Convenio con dicha Universidad, se le otorgó la categoría de Centro Adscrito a la Universidad como Escuela de Especialización Profesional jurídica, aprobando el programa de su Curso General de Formación de Abogados y Procuradores.</h5><h5 style="margin: 0px 0px 10px; padding: 0px; border: 0px; font-variant-numeric: inherit; font-variant-east-asian: inherit; font-stretch: inherit; font-size: 17px; line-height: 24px; font-family: 'Open Sans', Helvetica, Arial, sans-serif; vertical-align: baseline; color: #035c8a;">Como hitos más recientes en su historia, su plan de estudios fue homologado por el Consejo General de la Abogacía Española; y en virtud de lo dispuesto en la Ley 34/2006 de 30 de octubre de acceso a la profesión de abogado, y Real Decreto 775/2011 de 3 de junio que la desarrolla, (especialmente su artículo 4-1-c), se celebró Convenio de colaboración con la Universidad de Córdoba de fecha 17 de febrero de 2012 para la impartición del Master Universitario en Abogacía; que fue aprobado por el Consejo de Universidades el 9 de enero de 2013.</h5>								</div>
				</div>
				<div class="elementor-element elementor-element-000f5e7 elementor-widget elementor-widget-heading" data-id="000f5e7" data-element_type="widget" data-e-type="widget" data-widget_type="heading.default">
				<div class="elementor-widget-container">
					<h2 class="elementor-heading-title elementor-size-default"><h3 style="margin: 0px 0px 14px;, Helvetica, Arial, sans-serif;line-height: 34px;font-size: 28px;padding: 0px;border: 0px;vertical-align: baseline;white-space: normal">Máster en abogacía</h3></h2>				</div>
				</div>
				<div class="elementor-element elementor-element-da71d19 elementor-widget elementor-widget-text-editor" data-id="da71d19" data-element_type="widget" data-e-type="widget" data-widget_type="text-editor.default">
				<div class="elementor-widget-container">
									<h5 style="margin: 0px 0px 10px; padding: 0px; border: 0px; font-variant-numeric: inherit; font-variant-east-asian: inherit; font-stretch: inherit; font-size: 17px; line-height: 24px; font-family: 'Open Sans', Helvetica, Arial, sans-serif; vertical-align: baseline; color: #035c8a;">El Colegio de Abogados de Córdoba y la Universidad suscribieron el 17 de febrero de 2012, el convenio de colaboración con el que se da cumplimiento a lo establecido en la Ley 34/2006, de 30 de octubre, y su Reglamento de desarrollo, referente al acceso a las profesiones de Abogado y Procurador de los Tribunales, que exige la superación de una formación específica y una posterior evaluación para la obtención del título profesional de abogado que capacite para el ejercicio de la profesión.</h5><h5 style="margin: 0px 0px 10px; padding: 0px; border: 0px; font-variant-numeric: inherit; font-variant-east-asian: inherit; font-stretch: inherit; font-size: 17px; line-height: 24px; font-family: 'Open Sans', Helvetica, Arial, sans-serif; vertical-align: baseline; color: #035c8a;">El acuerdo supone aunar la experiencia docente de la Universidad de Córdoba y del Colegio de Abogados que, a través de su Escuela de Práctica Jurídica, ha venido formando durante más de treinta años a los profesionales de la Abogacía.</h5><div><h5 style="margin: 0px 0px 10px; padding: 0px; border: 0px; font-variant-numeric: inherit; font-variant-east-asian: inherit; font-stretch: inherit; font-size: 17px; line-height: 24px; font-family: 'Open Sans', Helvetica, Arial, sans-serif; vertical-align: baseline; color: #035c8a;">El Máster, de contenido eminentemente práctico, está impartido por catedráticos y profesores de la Universidad de Córdoba y por abogados en ejercicio.</h5></div>								</div>
				</div>
				<div class="elementor-element elementor-element-7bc78a3 elementor-widget elementor-widget-text-editor" data-id="7bc78a3" data-element_type="widget" data-e-type="widget" data-widget_type="text-editor.default">
				<div class="elementor-widget-container">
									<h5 style="margin: 0px 0px 10px; padding: 0px; border: 0px; font-variant-numeric: inherit; font-variant-east-asian: inherit; font-stretch: inherit; font-size: 17px; line-height: 24px; font-family: 'Open Sans', Helvetica, Arial, sans-serif; vertical-align: baseline; color: #035c8a;"><span style="margin: 0px; padding: 0px; border: 0px; font-style: inherit; font-variant: inherit; font-stretch: inherit; font-size: inherit; line-height: inherit; font-family: inherit; vertical-align: baseline;"><a style="margin: 0px; padding: 0px; border: 0px; font: inherit; vertical-align: baseline; color: #035c8a; outline: 0px;" href="https://www.uco.es/estudios/idep/abogacia" target="_blank" rel="noopener">MÁS INFORMACIÓN SOBRE EL MÁSTER EN ABOGACÍA</a></span></h5>								</div>
				</div>
					</div>
		</div>
					</div>
		</section>
				<section class="elementor-section elementor-top-section elementor-element elementor-element-5f7a697 elementor-section-boxed elementor-section-height-default elementor-section-height-default" data-id="5f7a697" data-element_type="section" data-e-type="section">
						<div class="elementor-container elementor-column-gap-default">
					<div class="elementor-column elementor-col-100 elementor-top-column elementor-element elementor-element-37dde24" data-id="37dde24" data-element_type="column" data-e-type="column">
			<div class="elementor-widget-wrap elementor-element-populated">
						<div class="elementor-element elementor-element-3bdec0e elementor-widget elementor-widget-image" data-id="3bdec0e" data-element_type="widget" data-e-type="widget" data-widget_type="image.default">
				<div class="elementor-widget-container">
															<img fetchpriority="high" decoding="async" width="1920" height="1080" src="https://cms.icacordoba.23sd.es/wp-content/uploads/2022/09/patio_recurso-horizontal.jpg" class="attachment-full size-full wp-image-20" alt="" srcset="https://cms.icacordoba.23sd.es/wp-content/uploads/2022/09/patio_recurso-horizontal.jpg 1920w, https://cms.icacordoba.23sd.es/wp-content/uploads/2022/09/patio_recurso-horizontal-300x169.jpg 300w, https://cms.icacordoba.23sd.es/wp-content/uploads/2022/09/patio_recurso-horizontal-1024x576.jpg 1024w, https://cms.icacordoba.23sd.es/wp-content/uploads/2022/09/patio_recurso-horizontal-768x432.jpg 768w, https://cms.icacordoba.23sd.es/wp-content/uploads/2022/09/patio_recurso-horizontal-1536x864.jpg 1536w" sizes="(max-width: 1920px) 100vw, 1920px" />															</div>
				</div>
					</div>
		</div>
					</div>
		</section>
				</div>

<p>Escuela Práctica Jurídica Las Escuelas de Práctica Jurídica, como órgano de formación profesional de Abogados fueron creadas por Decreto de 2 de abril de 1955, actualizándose su regulación por Decreto 3311/1970 de 12 de noviembre. El Colegio de Abogados de Córdoba promovió la creación de la de esta provincia, que se consiguió mediante Decreto 843/1981 [&hellip;]</p>
